z. What is the units digit of p?
1
Let c(r) = 2*r**2 + 7*r + 7. What is the tens digit of c(7)?
5
What is the hundreds digit of (-20916)/(-60) + 6/15?
3
Let a be (2 - -4)*(-3 - 46/(-3)). Let r = a + 1. What is the tens digit of r?
7
Let a be (-20)/(-6)*(-99)/22. Let t be ((-27)/a)/(6/20). Suppose -t = -2*f + 12. What is the units digit of f?
9
Suppose -8*r + 5 + 19 = 0. What is the units digit of (30 - -6)/r*35/2?
0
Let n(a) = -a**3 - 6*a**2 + 31*a + 6. Let p be n(-11). Suppose 6*y - 3*y - 3*u - p = 0, 15 = 5*u. What is the tens digit of y?
9
Suppose 11*p = 6*p - 100. Let f = 56 + p. Suppose i - 3*i = 2*t - f, -17 = -i - 2*t. What is the units digit of i?
9
Let t = 18014 - 12771. What is the thousands digit of t?
5
Suppose 6*q + 575 = 11*q. Suppose 0 = -3*i + 8*i - q. What is the units digit of i?
3
Suppose -4*t + 2*g - 550 = -g, 4*t + 552 = 4*g. Let u = -244 - t. Let d = -76 - u. What is the units digit of d?
2
Suppose 0 = 4*x - 4*p - 12, -x + 2*p + 1 = 3*p. Suppose -5*r = 3*j - 178, x*r - j + 7 = 87. What is the units digit of r?
8
Suppose 1230 = 4*i - 2*x + 274, 0 = 3*i + 4*x - 728. Suppose -i = 18*j - 23*j. Suppose 5*n + n - j = 0. What is the units digit of n?
8
Let j = 586 - -890. What is the thousands digit of j?
1
Let p(b) = b**2 - 20*b + 36. What is the tens digit of p(-20)?
3
Let o(q) be the first derivative of q**2/2 + 21*q - 8. Let n be o(-15). What is the units digit of (-159)/(-2)*4/n?
3
Suppose -4*h = -656 - 228. Let n be (1 - 1) + 1*h. Suppose -3*y + 82 = 3*j - 65, 5*j = 3*y + n. What is the tens digit of j?
4
Let c(l) = -133*l**3 - 9*l - 13. What is the tens digit of c(-2)?
6
Suppose 0 = 3*c + 106 + 1010. Let k be (4/(-6))/(4/c). Suppose -3*x = 5*y - k, -y - 2*x + 2 + 9 = 0. What is the units digit of y?
3
What is the thousands digit of -6*(-7 + (-3500)/21)?
1
What is the units digit of (-18)/30*-5 - (-1 + -779)?
3
Let w(u) = -u**2 - 13*u - 17. Let r be w(-12). Let b(d) be the third derivative of d**5/30 - d**4/12 + d**3/3 + 10*d**2. What is the units digit of b(r)?
2
Let q be (-4)/5*25/(-10). Let p be q/4*(4 - 2). What is the units digit of 2/p + (4 - -25)?
1
Suppose 5*t - 14532 = 4*r, r = 8*t - 13*t + 14517. What is the thousands digit of t?
2
Let c(j) = 3*j**2 + 14*j - 3. Let t be c(-5). Suppose 2*h + 4*n = 42, -t*n - 3 = -2*h + 21. What is the tens digit of h?
1
Let v(g) be the third derivative of g**5/60 + g**4/3 - g**3 + 2*g**2. Suppose -9 = -3*u + 4*u. What is the units digit of v(u)?
3
Suppose 5*g - 3*g = 276. What is the hundreds digit of g?
1
Suppose 2*j - 10 = -2. Suppose -2*d = -10, -a + 395 = j*a - d. What is the units digit of a?
0
Let z = -54 - -807. What is the hundreds digit of z?
7
Let w(u) = -10*u + 20. Let p be w(-2). Suppose -p*f + 355 = -35*f. What is the tens digit of f?
7
Let f be 4/(3/(3/1)). What is the tens digit of (-3)/(397/100 - f)?
0
Suppose 5*y = 2*b + 13307, -5*b - 7101 + 20436 = 5*y. What is the units digit of y?
3
Let m(r) = -11*r**3 - 1. Let i = 2 + -3. Let f be m(i). Let y = 56 + f. What is the tens digit of y?
6
Let b(g) = -2*g**3 + 5*g - 50. What is the units digit of b(-11)?
7
Let h(g) be the first derivative of -g**4/4 + 6*g**3 + g**2 + 14*g + 4. Let k be h(18). Let l = k - 4. What is the units digit of l?
6
Suppose 3 = c, 0 = -n - 4*c + 1 + 5. What is the units digit of (3/n)/((-3)/138)?
3
Let m(x) = 173*x + 190. What is the tens digit of m(9)?
4
Suppose -8*l + 0*l = -96. What is the hundreds digit of 15/10 - (-2358)/l?
1
What is the units digit of (4 + -3)/((-4)/(-72) - 0)?
8
What is the units digit of 764 + (-4 - (-7 - -2)) + 4?
9
Let t = -13 - -14. Let f be (11 - t) + (3 - 3). What is the units digit of ((-14)/4)/(f/(-20))?
7
Let n(v) = 7*v**2 + 27*v - 20. What is the tens digit of n(-17)?
4
Let n = 89 - -52. Let p = 215 - n. What is the tens digit of p?
7
Let w = -62 - -426. Suppose 5*u - 498 + 49 = m, 0 = 4*u - 2*m - w. What is the tens digit of u?
8
Let t be 4/(-14) - (-144)/14 - -2. What is the units digit of (-112)/t*15/(-2)?
0
Suppose -23*v + 4440 + 36983 = 0. What is the hundreds digit of v?
8
Let i = -1251 + 2054. Suppose t = 5*r - 546, 3*t = -5*r - 261 + i. What is the hundreds digit of r?
1
Suppose -5*t + 8*t + 9 = 0. Let b be 0/(t/((-3)/(-2))). Suppose 2*i + 4*x - 34 = b, 3*x - 4*x = 5. What is the units digit of i?
7
Let k be ((-3)/(-9))/(-3*(-4)/(-360)). Let d(l) = l**3 - 14*l - 18 + 8*l**2 + l**2 + 3. What is the units digit of d(k)?
5
Let d(o) = o**2 - 5*o + 5. Let z = -12 + 17. Let m be d(z). Suppose 54 = m*x - 5*p - 11, 2*x - 40 = -5*p. What is the tens digit of x?
1
Let i be ((-18)/4)/((-18)/(-48)*-4). Suppose -2*f + 66 = a + 2*f, -3*a - i*f = -243. What is the units digit of a?
6
Suppose -5*l + 155 = -0*l + 5*j, -2*l = -4*j - 38. Let k be -2 + 1 + 6 + -2. Suppose 0 = -4*i + 4*r + 31 + 33, -l = -2*i - k*r. What is the units digit of i?
5
Let i be 5/(-2)*(-4)/5. Suppose i*q + 2 = 100. Suppose 2*n = 3*n - q. What is the units digit of n?
9
Let y be (-8)/(-10)*(-30)/(-12). Suppose y = -4*w + 6. What is the units digit of w/(-5) - 108/(-15)?
7
Let m(n) = 2*n**3 - 20*n**2 + 38*n - 25. What is the hundreds digit of m(13)?
4
Let t = 503 + -125. Suppose 2*o - 592 = 3*j, -o + 2*j = -t + 83. What is the tens digit of o?
9
Let h(a) = 4*a**2 + 5*a + 6. Let s(t) = t**2 + 1. Let n(k) = -h(k) + 3*s(k). Let j be n(-6). Let q = j + 18. What is the units digit of q?
9
Let i(c) = -141*c**3 + c**2 + 8*c + 16. What is the tens digit of i(-2)?
3
Let h(v) = -v**3 - 4*v**2 - 6*v - 8. Let w = -12 + 8. Let q be h(w). Let a(c) = -c**3 + 17*c**2 - 12*c - 22. What is the units digit of a(q)?
2
Let m(q) = -2*q - 7. Let x be m(-6). Suppose x*h = -1 - 4. What is the tens digit of (h + (-171)/6)*-2?
5
Let k be (8/6)/((-6)/(-9)). Let w = 2 - k. Suppose 0*l + l - 23 = w. What is the tens digit of l?
2
Let v(x) = x**3 - 9*x**2 - x + 12. Let m be v(9). Suppose -10*c = -m*c - 322. What is the tens digit of c?
4
Suppose -3*s + 3 = -12. Let w(b) = -4 + 2*b**2 + 4*b**2 + s*b - 4*b**2. What is the units digit of w(3)?
9
Let x = 218 + 1259. What is the units digit of x?
7
Let a(s) = 2*s**3 + 43*s**2 + 11*s + 38. What is the units digit of a(-20)?
8
What is the tens digit of (-7884)/(-21) - (-32)/56?
7
Let h(o) = -3*o. Let w be h(-1). Suppose 1 = t + 5, -w*u + 2*t = -113. What is the tens digit of u?
3
Let n(d) = 41*d + 29. What is the tens digit of n(4)?
9
Let m(i) = 2*i**3 + 21*i**2 - 4*i - 20. What is the hundreds digit of m(-9)?
2
What is the thousands digit of (-52108)/(-15) - (-1 - (-78)/90)?
3
Suppose 3 + 3 = 3*c, 0 = -f - 3*c + 110. Suppose f + 78 = 2*g. What is the units digit of g?
1
Let g = -1029 + 2072. What is the hundreds digit of g?
0
Suppose 23*t = 34*t - 10802. Suppose 0 = -b - 4*v + 209, -3*v = -5*b - 2*v + t. What is the units digit of b?
7
Let r(a) = 59*a**3 - 1. Let x be r(1). Suppose -x = -2*b + 44. What is the units digit of b?
1
Suppose 85*q - 1530 = 68*q. What is the tens digit of q?
9
Let a(w) = -w**2 + 10*w - 12. Suppose -q - 19 = -4*l, 0 = 4*q - 15 - 5. What is the tens digit of a(l)?
1
Let g = 299 - 37. What is the units digit of g?
2
Let u(g) = -g**2 + 7*g - 3. Let n be u(6). Let l be 93 - (3 + -3 + n). Suppose -4*h - l = -9*h + 3*y, 3*h = 3*y + 48. What is the units digit of h?
1
Let i = 17184 + -10958. What is the tens digit of i?
2
Let v = 1575 - 975. What is the tens digit of v?
0
Suppose -2*y + 6*y - 340 = -q, -3*q = -y - 981. What is the tens digit of q?
2
Let r be 200/4*(-8)/10. Let v = r + 68. What is the units digit of v?
8
Let m(q) = -4*q**3 + q + 1 + 2 - 2. Let a be m(-1). Let f(z) = z**2 - z + 2. What is the tens digit of f(a)?
1
Let v = 72 - 33. Suppose 3*l - 195 = v. Suppose -4*b + 0*b = 4*w - 76, 3*b - 4*w = l. What is the tens digit of b?
2
Suppose 5*h = 10 - 0. What is the units digit of h?
2
Let y = -10 + 12. Suppose p - 2*x - 5 = 0, y*p - x - 16 + 0 = 0. Let w(f) = 3*f - 7. What is the units digit of w(p)?
0
Let n be (-2)/(9/(-42)*14/(-12)). What is the units digit of 77 + -1 + 5 + n + 1?
4
Let n be (-1)/(-2) + 249/6. Let r be (3/2)/(n/616). What is the tens digit of (33/r)/(6/112)?
2
Suppose 3*w + 1863 = 2*h, 2*h + 31*w - 1856 = 27*w. What is the hundreds digit of h?
9
Suppose 2*t = -3*t + 50. Suppose -1 = n - t. What is the units digit of n?
9
Let y = 2